{"id":9092,"date":"2016-04-17T12:19:02","date_gmt":"2016-04-17T12:19:02","guid":{"rendered":"https:\/\/www.treatwell.co.uk\/inspiration\/?page_id=9092"},"modified":"2019-08-08T14:17:18","modified_gmt":"2019-08-08T14:17:18","slug":"showcasing-the-app-ss19","status":"publish","type":"page","link":"https:\/\/www.treatwell.lt/inspiration\/showcasing-the-app-ss19\/","title":{"rendered":"Showcasing the App SS19"},"content":{"rendered":"<p>\t\t\t\t<img loading=\"lazy\" decoding=\"async\" src=\"https:\/\/www.treatwell.lt/inspiration\/wp-content\/uploads\/sites\/12\/2019\/08\/hero-0b-2.png\" alt=\"hero 0b\" height=\"502\" width=\"1999\" title=\"hero 0b\" \/><\/p>\n<p><strong>Gro\u017eio<\/strong><\/p>\n<p><strong> paslaug\u0173 <\/strong><\/p>\n<p><strong> aplikacija <\/strong><\/p>\n<p>\t\t\t\t<a href=\"https:\/\/itunes.apple.com\/es\/app\/treatwell-nails-hair-wax\/id814443140?l=en&amp;mt=8\" target=\"_self\"><br \/>\n\t\t\t\t<img decoding=\"async\" src=\"https:\/\/www.treatwell.lt/inspiration\/wp-content\/uploads\/sites\/12\/2019\/08\/Download_on_the_App_Store_Badge_LT_RGB_blk_100317.png\" alt=\"Download_on_the_App_Store_Badge_LT_RGB_blk_100317\" title=\"Download_on_the_App_Store_Badge_LT_RGB_blk_100317\" \/><br \/>\n\t\t\t\t<\/a><br \/>\n\t\t\t\t<a href=\"https:\/\/play.google.com\/store\/apps\/details?id=com.wahanda.marketplace&amp;hl=en\" target=\"_self\"><br \/>\n\t\t\t\t<img decoding=\"async\" src=\"https:\/\/www.treatwell.lt/inspiration\/wp-content\/uploads\/sites\/12\/2019\/08\/LT_google-play-badge.png\" alt=\"LT_google-play-badge\" title=\"LT_google-play-badge\" \/><br \/>\n\t\t\t\t<\/a><br \/>\n\t\t\t\t<img decoding=\"async\" src=\"https:\/\/www.treatwell.lt/inspiration\/wp-content\/uploads\/sites\/12\/2019\/08\/hero-mobile.png\" alt=\"hero mobile\" title=\"hero mobile\" \/><\/p>\n<p><strong>Kuom m\u016bs\u0173 aplikacija<\/strong><\/p>\n<p><strong>patinka \u017emon\u0117ms?<\/strong><\/p>\n<p><strong>Kuom m\u016bs\u0173<\/strong><\/p>\n<p><strong>aplikacija patinka<\/strong><\/p>\n<p><strong>\u017emon\u0117ms?<\/strong><\/p>\n<p>\t\t\t\t<img loading=\"lazy\" decoding=\"async\" src=\"https:\/\/en-gb.twinspiration.wpengine.treatwell.com\/wp-content\/uploads\/sites\/9\/2019\/04\/app.png\" alt=\"app\" height=\"167\" width=\"488\" title=\"app\" \/><br \/>\n\t\t\t\t<img loading=\"lazy\" decoding=\"async\" src=\"https:\/\/en-gb.twinspiration.wpengine.treatwell.com\/wp-content\/uploads\/sites\/9\/2019\/04\/review-1.png\" alt=\"review 1\" height=\"225\" width=\"345\" title=\"review 1\" \/><br \/>\n\t\t\t\t<img loading=\"lazy\" decoding=\"async\" src=\"https:\/\/en-gb.twinspiration.wpengine.treatwell.com\/wp-content\/uploads\/sites\/9\/2019\/04\/review-1.png\" alt=\"review 1\" height=\"225\" width=\"345\" title=\"review 1\" \/><br \/>\n\t\t\t\t<img loading=\"lazy\" decoding=\"async\" src=\"https:\/\/en-gb.twinspiration.wpengine.treatwell.com\/wp-content\/uploads\/sites\/9\/2019\/04\/review-2.png\" alt=\"review 2\" height=\"222\" width=\"347\" title=\"review 2\" \/><br \/>\n\t\t\t\t<img loading=\"lazy\" decoding=\"async\" src=\"https:\/\/en-gb.twinspiration.wpengine.treatwell.com\/wp-content\/uploads\/sites\/9\/2019\/04\/review-2.png\" alt=\"review 2\" height=\"222\" width=\"347\" title=\"review 2\" \/><\/p>\n<p><strong>Pakartotin\u0117<\/strong><\/p>\n<p><strong>registracija \u012f\u00a0<\/strong><\/p>\n<p><strong>salon\u0105 vos keliais<\/strong><\/p>\n<p><strong>paspaupimais<\/strong><\/p>\n<p>Nereikia niekam skambinti<\/p>\n<p>\t\t\t\t<img loading=\"lazy\" decoding=\"async\" src=\"https:\/\/en-gb.twinspiration.wpengine.treatwell.com\/wp-content\/uploads\/sites\/9\/2019\/04\/1-1.png\" alt=\"1\" height=\"390\" width=\"480\" title=\"1\" \/><\/p>\n<p><strong>Gali prid\u0117ti<\/strong><\/p>\n<p><strong>salon\u0105 \u012f savo<\/strong><\/p>\n<p><strong>favorit\u0173 s\u0105ra\u0161\u0105<\/strong><\/p>\n<p>Jei tai tavo m\u0117gstamiausias\u00a0salonas,<\/p>\n<p>nepamir\u0161k apie j\u012f<\/p>\n<p>\t\t\t\t<img decoding=\"async\" src=\"https:\/\/en-gb.twinspiration.wpengine.treatwell.com\/wp-content\/uploads\/sites\/9\/2019\/04\/b.png\" alt=\"\" \/><\/p>\n<p><strong>Galimyb\u0117 ie\u0161koti<\/strong><\/p>\n<p><strong>salon\u0173 pagal<\/strong><\/p>\n<p><strong>\u017eem\u0117lap\u012f<\/strong><\/p>\n<p>Tai geriausias b\u016bdas atrasti\u00a0<\/p>\n<p>salonus perliukus<\/p>\n<p>\t\t\t\t<img decoding=\"async\" src=\"https:\/\/www.treatwell.lt/inspiration\/wp-content\/uploads\/sites\/12\/2019\/08\/3.png\" alt=\"3\" title=\"3\" \/><\/p>\n<p><strong>Gauk priminimus <\/strong><\/p>\n<p><strong> apie u\u017era\u0161ym\u0105<\/strong><\/p>\n<p>Nes kada paskutin\u012f kart\u0105 naudojaisi<\/p>\n<p>darbo knygele&#8230;<\/p>\n<p>\t\t\t\t<img decoding=\"async\" src=\"https:\/\/en-gb.twinspiration.wpengine.treatwell.com\/wp-content\/uploads\/sites\/9\/2019\/04\/4-mobile.png\" alt=\"\" \/><br \/>\n\t\t\t\t<img loading=\"lazy\" decoding=\"async\" src=\"https:\/\/en-gb.twinspiration.wpengine.treatwell.com\/wp-content\/uploads\/sites\/9\/2019\/04\/d.png\" alt=\"d\" height=\"298\" width=\"735\" title=\"d\" \/><\/p>\n<p><strong>Ypa\u010d paprasta<\/strong><\/p>\n<p><strong>perkelti<\/strong><\/p>\n<p><strong> u\u017era\u0161ymus<\/strong><\/p>\n<p>Nes kartais planai kei\u010diasi<\/p>\n<p>\t\t\t\t<img loading=\"lazy\" decoding=\"async\" src=\"https:\/\/en-gb.twinspiration.wpengine.treatwell.com\/wp-content\/uploads\/sites\/9\/2019\/04\/5-mobile.png\" alt=\"5 mobile\" height=\"401\" width=\"482\" title=\"5 mobile\" \/><br \/>\n\t\t\t\t<img loading=\"lazy\" decoding=\"async\" src=\"https:\/\/en-gb.twinspiration.wpengine.treatwell.com\/wp-content\/uploads\/sites\/9\/2019\/04\/e.png\" alt=\"e\" height=\"329\" width=\"735\" title=\"e\" \/><\/p>\n<p><strong>Atsisi\u0173sk!<\/strong><\/p>\n<p><strong>Atsisi\u0173sk!<\/strong><\/p>\n<p>\t\t\t\t<a href=\"https:\/\/itunes.apple.com\/nl\/app\/treatwell-boek-hair-beauty\/id814443140?mt=8\" target=\"_self\"><br \/>\n\t\t\t\t<img decoding=\"async\" src=\"https:\/\/www.treatwell.lt/inspiration\/wp-content\/uploads\/sites\/12\/2019\/08\/Download_on_the_App_Store_Badge_LT_RGB_blk_100317.png\" alt=\"Download_on_the_App_Store_Badge_LT_RGB_blk_100317\" title=\"Download_on_the_App_Store_Badge_LT_RGB_blk_100317\" \/><br \/>\n\t\t\t\t<\/a><br \/>\n\t\t\t\t<a href=\"https:\/\/play.google.com\/store\/apps\/details?id=com.wahanda.marketplace&amp;hl=en\" target=\"_self\"><br \/>\n\t\t\t\t<img decoding=\"async\" src=\"https:\/\/www.treatwell.lt/inspiration\/wp-content\/uploads\/sites\/12\/2019\/08\/LT_google-play-badge.png\" alt=\"LT_google-play-badge\" title=\"LT_google-play-badge\" \/><br \/>\n\t\t\t\t<\/a><\/p>\n","protected":false},"excerpt":{"rendered":"<p>Gro\u017eio paslaug\u0173 aplikacija Kuom m\u016bs\u0173 aplikacija patinka \u017emon\u0117ms? Kuom m\u016bs\u0173 aplikacija patinka \u017emon\u0117ms? Pakartotin\u0117 registracija \u012f\u00a0 salon\u0105 vos keliais paspaupimais Nereikia niekam skambinti Gali prid\u0117ti salon\u0105 \u012f savo favorit\u0173 s\u0105ra\u0161\u0105 Jei tai tavo m\u0117gstamiausias\u00a0salonas, nepamir\u0161k apie j\u012f Galimyb\u0117 ie\u0161koti salon\u0173 pagal \u017eem\u0117lap\u012f Tai geriausias b\u016bdas atrasti\u00a0 salonus perliukus Gauk priminimus apie u\u017era\u0161ym\u0105 Nes kada paskutin\u012f&hellip;<\/p>\n","protected":false},"author":117,"featured_media":0,"parent":0,"menu_order":0,"comment_status":"closed","ping_status":"closed","template":"","meta":{"inline_featured_image":false,"footnotes":""},"class_list":["post-9092","page","type-page","status-publish","hentry"],"yoast_head":"<!-- This site is optimized with the Yoast SEO plugin v27.5 - https:\/\/yoast.com\/product\/yoast-seo-wordpress\/ -->\n<title>Showcasing the App SS19 - Treatwell LT<\/title>\n<meta name=\"robots\" content=\"index, follow, max-snippet:-1, max-image-preview:large, max-video-preview:-1\" \/>\n<link rel=\"canonical\" href=\"https:\/\/www.treatwell.lt/inspiration\/showcasing-the-app-ss19\/\" \/>\n<meta property=\"og:locale\" content=\"lt_LT\" \/>\n<meta property=\"og:type\" content=\"article\" \/>\n<meta property=\"og:title\" content=\"Showcasing the App SS19 - Treatwell LT\" \/>\n<meta property=\"og:description\" content=\"Gro\u017eio paslaug\u0173 aplikacija Kuom m\u016bs\u0173 aplikacija patinka \u017emon\u0117ms? Kuom m\u016bs\u0173 aplikacija patinka \u017emon\u0117ms? Pakartotin\u0117 registracija \u012f\u00a0 salon\u0105 vos keliais paspaupimais Nereikia niekam skambinti Gali prid\u0117ti salon\u0105 \u012f savo favorit\u0173 s\u0105ra\u0161\u0105 Jei tai tavo m\u0117gstamiausias\u00a0salonas, nepamir\u0161k apie j\u012f Galimyb\u0117 ie\u0161koti salon\u0173 pagal \u017eem\u0117lap\u012f Tai geriausias b\u016bdas atrasti\u00a0 salonus perliukus Gauk priminimus apie u\u017era\u0161ym\u0105 Nes kada paskutin\u012f&hellip;\" \/>\n<meta property=\"og:url\" content=\"https:\/\/www.treatwell.lt/inspiration\/showcasing-the-app-ss19\/\" \/>\n<meta property=\"og:site_name\" content=\"Treatwell LT\" \/>\n<meta property=\"article:modified_time\" content=\"2019-08-08T14:17:18+00:00\" \/>\n<meta property=\"og:image\" content=\"https:\/\/www.treatwell.lt/inspiration\/wp-content\/uploads\/sites\/12\/2019\/08\/hero-0b-2.png\" \/>\n<meta name=\"twitter:card\" content=\"summary_large_image\" \/>\n<script type=\"application\/ld+json\" class=\"yoast-schema-graph\">{\"@context\":\"https:\\\/\\\/schema.org\",\"@graph\":[{\"@type\":\"WebPage\",\"@id\":\"https:\\\/\\\/www.treatwell.lt/inspiration\\\/showcasing-the-app-ss19\\\/\",\"url\":\"https:\\\/\\\/www.treatwell.lt/inspiration\\\/showcasing-the-app-ss19\\\/\",\"name\":\"Showcasing the App SS19 - Treatwell LT\",\"isPartOf\":{\"@id\":\"https:\\\/\\\/www.treatwell.lt/inspiration\\\/#website\"},\"primaryImageOfPage\":{\"@id\":\"https:\\\/\\\/www.treatwell.lt/inspiration\\\/showcasing-the-app-ss19\\\/#primaryimage\"},\"image\":{\"@id\":\"https:\\\/\\\/www.treatwell.lt/inspiration\\\/showcasing-the-app-ss19\\\/#primaryimage\"},\"thumbnailUrl\":\"https:\\\/\\\/www.treatwell.lt/inspiration\\\/wp-content\\\/uploads\\\/sites\\\/12\\\/2019\\\/08\\\/hero-0b-2.png\",\"datePublished\":\"2016-04-17T12:19:02+00:00\",\"dateModified\":\"2019-08-08T14:17:18+00:00\",\"breadcrumb\":{\"@id\":\"https:\\\/\\\/www.treatwell.lt/inspiration\\\/showcasing-the-app-ss19\\\/#breadcrumb\"},\"inLanguage\":\"lt-LT\",\"potentialAction\":[{\"@type\":\"ReadAction\",\"target\":[\"https:\\\/\\\/www.treatwell.lt/inspiration\\\/showcasing-the-app-ss19\\\/\"]}]},{\"@type\":\"ImageObject\",\"inLanguage\":\"lt-LT\",\"@id\":\"https:\\\/\\\/www.treatwell.lt/inspiration\\\/showcasing-the-app-ss19\\\/#primaryimage\",\"url\":\"https:\\\/\\\/www.treatwell.lt/inspiration\\\/wp-content\\\/uploads\\\/sites\\\/12\\\/2019\\\/08\\\/hero-0b-2.png\",\"contentUrl\":\"https:\\\/\\\/www.treatwell.lt/inspiration\\\/wp-content\\\/uploads\\\/sites\\\/12\\\/2019\\\/08\\\/hero-0b-2.png\",\"width\":1999,\"height\":502},{\"@type\":\"BreadcrumbList\",\"@id\":\"https:\\\/\\\/www.treatwell.lt/inspiration\\\/showcasing-the-app-ss19\\\/#breadcrumb\",\"itemListElement\":[{\"@type\":\"ListItem\",\"position\":1,\"name\":\"Home\",\"item\":\"https:\\\/\\\/www.treatwell.lt/inspiration\\\/\"},{\"@type\":\"ListItem\",\"position\":2,\"name\":\"Showcasing the App SS19\"}]},{\"@type\":\"WebSite\",\"@id\":\"https:\\\/\\\/www.treatwell.lt/inspiration\\\/#website\",\"url\":\"https:\\\/\\\/www.treatwell.lt/inspiration\\\/\",\"name\":\"Treatwell LT\",\"description\":\"Ecco un altro sito Treatwell Inspiration\",\"potentialAction\":[{\"@type\":\"SearchAction\",\"target\":{\"@type\":\"EntryPoint\",\"urlTemplate\":\"https:\\\/\\\/www.treatwell.lt/inspiration\\\/?s={search_term_string}\"},\"query-input\":{\"@type\":\"PropertyValueSpecification\",\"valueRequired\":true,\"valueName\":\"search_term_string\"}}],\"inLanguage\":\"lt-LT\"}]}<\/script>\n<!-- \/ Yoast SEO plugin. -->","yoast_head_json":{"title":"Showcasing the App SS19 - Treatwell LT","robots":{"index":"index","follow":"follow","max-snippet":"max-snippet:-1","max-image-preview":"max-image-preview:large","max-video-preview":"max-video-preview:-1"},"canonical":"https:\/\/www.treatwell.lt/inspiration\/showcasing-the-app-ss19\/","og_locale":"lt_LT","og_type":"article","og_title":"Showcasing the App SS19 - Treatwell LT","og_description":"Gro\u017eio paslaug\u0173 aplikacija Kuom m\u016bs\u0173 aplikacija patinka \u017emon\u0117ms? Kuom m\u016bs\u0173 aplikacija patinka \u017emon\u0117ms? Pakartotin\u0117 registracija \u012f\u00a0 salon\u0105 vos keliais paspaupimais Nereikia niekam skambinti Gali prid\u0117ti salon\u0105 \u012f savo favorit\u0173 s\u0105ra\u0161\u0105 Jei tai tavo m\u0117gstamiausias\u00a0salonas, nepamir\u0161k apie j\u012f Galimyb\u0117 ie\u0161koti salon\u0173 pagal \u017eem\u0117lap\u012f Tai geriausias b\u016bdas atrasti\u00a0 salonus perliukus Gauk priminimus apie u\u017era\u0161ym\u0105 Nes kada paskutin\u012f&hellip;","og_url":"https:\/\/www.treatwell.lt/inspiration\/showcasing-the-app-ss19\/","og_site_name":"Treatwell LT","article_modified_time":"2019-08-08T14:17:18+00:00","og_image":[{"url":"https:\/\/www.treatwell.lt/inspiration\/wp-content\/uploads\/sites\/12\/2019\/08\/hero-0b-2.png","type":"","width":"","height":""}],"twitter_card":"summary_large_image","schema":{"@context":"https:\/\/schema.org","@graph":[{"@type":"WebPage","@id":"https:\/\/www.treatwell.lt/inspiration\/showcasing-the-app-ss19\/","url":"https:\/\/www.treatwell.lt/inspiration\/showcasing-the-app-ss19\/","name":"Showcasing the App SS19 - Treatwell LT","isPartOf":{"@id":"https:\/\/www.treatwell.lt/inspiration\/#website"},"primaryImageOfPage":{"@id":"https:\/\/www.treatwell.lt/inspiration\/showcasing-the-app-ss19\/#primaryimage"},"image":{"@id":"https:\/\/www.treatwell.lt/inspiration\/showcasing-the-app-ss19\/#primaryimage"},"thumbnailUrl":"https:\/\/www.treatwell.lt/inspiration\/wp-content\/uploads\/sites\/12\/2019\/08\/hero-0b-2.png","datePublished":"2016-04-17T12:19:02+00:00","dateModified":"2019-08-08T14:17:18+00:00","breadcrumb":{"@id":"https:\/\/www.treatwell.lt/inspiration\/showcasing-the-app-ss19\/#breadcrumb"},"inLanguage":"lt-LT","potentialAction":[{"@type":"ReadAction","target":["https:\/\/www.treatwell.lt/inspiration\/showcasing-the-app-ss19\/"]}]},{"@type":"ImageObject","inLanguage":"lt-LT","@id":"https:\/\/www.treatwell.lt/inspiration\/showcasing-the-app-ss19\/#primaryimage","url":"https:\/\/www.treatwell.lt/inspiration\/wp-content\/uploads\/sites\/12\/2019\/08\/hero-0b-2.png","contentUrl":"https:\/\/www.treatwell.lt/inspiration\/wp-content\/uploads\/sites\/12\/2019\/08\/hero-0b-2.png","width":1999,"height":502},{"@type":"BreadcrumbList","@id":"https:\/\/www.treatwell.lt/inspiration\/showcasing-the-app-ss19\/#breadcrumb","itemListElement":[{"@type":"ListItem","position":1,"name":"Home","item":"https:\/\/www.treatwell.lt/inspiration\/"},{"@type":"ListItem","position":2,"name":"Showcasing the App SS19"}]},{"@type":"WebSite","@id":"https:\/\/www.treatwell.lt/inspiration\/#website","url":"https:\/\/www.treatwell.lt/inspiration\/","name":"Treatwell LT","description":"Ecco un altro sito Treatwell Inspiration","potentialAction":[{"@type":"SearchAction","target":{"@type":"EntryPoint","urlTemplate":"https:\/\/www.treatwell.lt/inspiration\/?s={search_term_string}"},"query-input":{"@type":"PropertyValueSpecification","valueRequired":true,"valueName":"search_term_string"}}],"inLanguage":"lt-LT"}]}},"_links":{"self":[{"href":"https:\/\/www.treatwell.lt\/inspiration\/wp-json\/wp\/v2\/pages\/9092","targetHints":{"allow":["GET"]}}],"collection":[{"href":"https:\/\/www.treatwell.lt\/inspiration\/wp-json\/wp\/v2\/pages"}],"about":[{"href":"https:\/\/www.treatwell.lt\/inspiration\/wp-json\/wp\/v2\/types\/page"}],"author":[{"embeddable":true,"href":"https:\/\/www.treatwell.lt\/inspiration\/wp-json\/wp\/v2\/users\/117"}],"replies":[{"embeddable":true,"href":"https:\/\/www.treatwell.lt\/inspiration\/wp-json\/wp\/v2\/comments?post=9092"}],"version-history":[{"count":0,"href":"https:\/\/www.treatwell.lt\/inspiration\/wp-json\/wp\/v2\/pages\/9092\/revisions"}],"wp:attachment":[{"href":"https:\/\/www.treatwell.lt\/inspiration\/wp-json\/wp\/v2\/media?parent=9092"}],"curies":[{"name":"wp","href":"https:\/\/api.w.org\/{rel}","templated":true}]}}